. Calculate the greatest common factor of k and z.
11
Let x be (-2)/6*-9 - -870. Let u be x/5 + (-2)/(-5). What is the highest common factor of u and 25?
25
Let l be 4/(-5)*5/(-2). Suppose -l*p + 4 = -8. Calculate the highest common divisor of p and 48.
6
Let s(f) = 6*f**2. Let l be (0/1 - 2) + 4. Let c be s(l). Calculate the highest common factor of c and 36.
12
Suppose 2*g = 5*k - 30, -4*g = 2*k + 3*k. Let d be 8 + (0 + 0 - 2). Let y be (3/(-3))/((-1)/d). Calculate the highest common divisor of y and k.
2
Let u = 22 + -10. Let o be (-304)/u*12/(-8). What is the greatest common factor of o and 19?
19
Suppose -2*a - 4*n = -0*a - 44, -5*a - n = -119. Let p be 39*(3 - a/9). Calculate the greatest common divisor of 91 and p.
13
Let n = -3 - 0. Let j = n - -5. Calculate the highest common factor of 4 and j.
2
Let t(o) = o**2 - 11*o - 36. Let r be t(14). Calculate the greatest common divisor of r and 6.
6
Suppose -2*y - 5*v = -1, -3*v - 12 = -5*y + 6. Suppose -y*l + 60 = 3*t, -4*l + l = -2*t + 15. Calculate the highest common factor of 60 and t.
15
Suppose 2*a - 22 = 4*i, 0*i + 2*i - 22 = -2*a. Let x be (4 - 0)/(2/44). Calculate the greatest common divisor of a and x.
11
Suppose 1 = x - 14. Calculate the greatest common factor of x and 105.
15
Let p = 3 - 2. Let h = p - -9. Calculate the highest common factor of 80 and h.
10
Let x(t) = t**2 + 12*t + 2. Let n = 13 - 25. Let f be x(n). Suppose -6*v + f*v = -80. Calculate the greatest common factor of 50 and v.
10
Suppose -s - 1 - 2 = 2*j, 8 = 4*j. Let x be (2 - 1)/(s/(-245)). Calculate the highest common factor of 14 and x.
7
Let z = 1 - -4. Let h(t) = 13*t**2 + t + 2. Let v be h(2). Suppose 72 = z*g + n, v = 4*g + 2*n + 2. What is the greatest common factor of g and 75?
15
Suppose 0 = w + 1, -3*w + 19 = 5*r - 48. Let v be (-2)/3*126/(-4). What is the highest common factor of r and v?
7
Suppose 0 = 3*b + 2*b - 20. Let m = b - 4. Suppose m = 3*w + 4*p - 3, 2*w - 4 = -4*p - 6. Calculate the greatest common factor of w and 10.
5
Let o be (2/3)/((-4)/(-6)). Let b(j) = o + 1 + 2*j + 1 + j**2 + 0*j. Let q be b(-4). What is the greatest common factor of 44 and q?
11
Let b be (-15)/(-2) - (-1)/(-2). Suppose 3*s - b*s = -256. Suppose 3*j = 80 + s. Calculate the greatest common factor of 12 and j.
12
Let a be 4/(-6)*21/(-28)*104. Calculate the greatest common divisor of 13 and a.
13
Let c be 84 + 2 + -1 + -1. Suppose -113 - 131 = -4*v. Suppose 0 = -5*b - 1 + v. Calculate the greatest common divisor of c and b.
12
Suppose 3*m + 14 = 5*a, -2*m - 3*a - 11 = -8*a. Let y be m/(-2)*(-30)/(-45). Calculate the greatest common factor of 1 and y.
1
Suppose 10*z + 60 = 15*z. Calculate the highest common divisor of z and 192.
12
Suppose 0*x = -x. Suppose 0 = -2*r, -3*h + 3*r - 4*r + 45 = x. What is the highest common divisor of 135 and h?
15
Let g = -25 - -29. Suppose -5*t - 4*b = 7 - 117, -3*t - g*b = -74. Calculate the greatest common divisor of 162 and t.
18
Let j be (-15)/(-2)*96/10. What is the greatest common divisor of 18 and j?
18
Suppose -2*l + 12 = 2*l. Let u be (-1)/((-3)/2 + 1). Suppose u*m = -l*m + 60. What is the highest common factor of 96 and m?
12
Suppose -l - l = -30. Calculate the greatest common factor of 75 and l.
15
Let b = 23 + -18. Calculate the highest common factor of b and 35.
5
Suppose 2*y - 109 = -5. Let f be ((-13)/((-1)/(-1)))/(-1). Calculate the highest common factor of f and y.
13
Let s(a) = 11*a**2 + a + 2. Suppose -2*o + 1 = 5. Let f be s(o). Calculate the highest common divisor of f and 11.
11
Let g = -11 - -5. Let x = 8 + g. Suppose x*o - o - 10 = 0. What is the greatest common divisor of o and 5?
5
Suppose 8*f = 5*f + 45. Suppose f = -g + 4*g. Let y = 62 - 12. What is the greatest common divisor of g and y?
5
Let f(j) = -j**3 + 9*j**2 - 3*j + 12. Let a be f(8). Calculate the highest common divisor of a and 26.
26
Let z = 124 - 70. Calculate the greatest common factor of 6 and z.
6
Let i be -1*3/(-1)*9. Let b = 4 - 5. Let g be (-18)/b*6 - 0. Calculate the greatest common divisor of i and g.
27
Suppose 4*q = -4*l, 2*q - q - l + 4 = 0. Let a be (q + 4)/(-2) + 4. Calculate the highest common factor of 18 and a.
3
Suppose 3*s = 5 - 2. Let a be (285/(-6))/(s/2). Let r = a - -158. Calculate the greatest common factor of r and 9.
9
Let r be 2/(-2) + (-1 - -14). Let g = -18 - -9. Let a(z) = -z**3 - 10*z**2 - 11*z - 6. Let w be a(g). What is the highest common divisor of r and w?
12
Let r be 18/27 - 220/6. Let j be (-1)/5 - r/5. Calculate the highest common divisor of 1 and j.
1
Suppose 116 = 3*f + 4*v, 6*f - 148 = 2*f - 2*v. Calculate the greatest common factor of 45 and f.
9
Suppose -1027 = -5*g - 4*l, 0*l = -2*l + 6. What is the highest common factor of 29 and g?
29
Let h(w) = -w - 4. Let n be h(-9). Suppose m + 12 = -m + n*g, 3*m + 8 = 5*g. Calculate the greatest common factor of 8 and m.
4
Suppose 5*h = t + 9, 9 = 6*t - 2*t - 5*h. Calculate the greatest common divisor of 18 and t.
6
Suppose 3*b = 8*b - 40. Let j be (2/4)/(9/306). Suppose -39 = -v + j. Calculate the greatest common factor of b and v.
8
Let q(p) = -27*p + 10. Let j be q(-2). Calculate the highest common divisor of j and 8.
8
Let m = 8 - -3. Let o = 78 + 10. What is the highest common divisor of m and o?
11
Let f(c) = -c + 31. Let m be f(11). Calculate the highest common factor of 10 and m.
10
Let l(s) = -2*s + 1. Suppose -5*i + 42 = 2. Suppose 0*h + h - 3*q + 7 = 0, i = 2*h + 5*q. Let b be l(h). Calculate the greatest common divisor of 9 and b.
3
Let x = 63 + -35. Calculate the greatest common factor of 28 and x.
28
Suppose 0 = -c - 4*x + 24, -5*x + 95 = 4*c + 32. Calculate the greatest common divisor of 12 and c.
12
Suppose -3*v + 8*v = 140. Suppose -4*b + 46 = -f, -28 = -5*b + 2*f + v. Calculate the greatest common factor of 60 and b.
12
Let g(z) = -3*z**2 + 54*z + 2. Let j be g(18). Calculate the highest common factor of j and 7.
1
Let v = 54 + -27. Let s be (-28)/3 - (-1)/3. Let n = s + 12. What is the highest common factor of n and v?
3
Let d = 87 - 51. Calculate the highest common factor of 54 and d.
18
Let h(c) = -16*c + 1. Let l be h(-2). Let g be (-4)/6*l/(-2). Calculate the greatest common factor of 11 and g.
11
Suppose 126 = 4*j - 2*q, 3*j + 5*q = 8*j - 150. Suppose 7*p - 5*p - 22 = 0. What is the greatest common divisor of p and j?
11
Let v be 1803/18 + (-3)/18. Calculate the greatest common divisor of v and 40.
20
Suppose -t + 7 = j, 5*t - 3*t + 22 = 4*j. Let l = j - -9. Let s = 7 + -4. Calculate the highest common factor of s and l.
3
Suppose 15*x - 167 = 553. What is the highest common divisor of 6 and x?
6
Let i be 2 + -3 - -9 - (18 - 18). What is the greatest common divisor of 1 and i?
1
Suppose 49 = 2*z - 15. Suppose 4*y - 5*y = -4. Calculate the greatest common divisor of y and z.
4
Suppose -2*o + 4*z = -34 - 26, 4*o - 68 = -5*z. Let b = 35 - 24. What is the greatest common divisor of o and b?
11
Let c(d) = 3*d**3 - d**2 - 2*d. Let p be c(2). What is the highest common factor of 16 and p?
16
Suppose 0*t - 2*t = -6. Suppose 4*l + 0*l + t*j - 62 = 0, 3*j = -2*l + 34. Suppose 23 = 4*k - 117. Calculate the greatest common divisor of l and k.
7
Let p be (-15)/4*(-32)/6. Calculate the greatest common divisor of 4 and p.
4
Suppose -3*z = -3*f + 5*f - 32, 8 = -z + 4*f. Suppose a = -2*h + 26, 39 = 3*h - 4*a + z*a. What is the greatest common factor of h and 39?
13
Let p be 1 + 1*(195 + 2). What is the greatest common divisor of 18 and p?
18
Let t(j) = 2*j**3 + 12*j**2 - 14*j + 5. Let h be t(-7). Let f be (-40)/(0/1 + -1). What is the highest common divisor of h and f?
5
Suppose 4*i - 96 = -5*f, 4*i + f - 108 = -f. Let s = i - -1. Calculate the greatest common divisor of 6 and s.
6
Let a(u) = u**3 - 5*u**2 + u - 3. Let i be a(5). Suppose -2*d + 0*g + 8 = i*g, -4*d + 16 = 3*g. What is the highest common factor of d and 2?
2
Let c be 10*((0 - 0) + 2). Suppose 2*p = 4*p - c. What is the highest common divisor of 30 and p?
10
Let n = -614 + 875. Suppose -4*i = -7*i + n. Calculate the highest common divisor of 29 and i.
29
Suppose l = -3*h + 8, l + 0*l + 5*h = 14. Let a = l + 18. Calculate the highest common factor of a and 136.
17
Let h be 58/(-5) + 8/(-20). Let z be (8/2)/(h/(-18)). What is the highest common divi